t is the units digit of o?
3
Let i = 35 - -148. Suppose -2*t - i = -537. Suppose 7*f - 10*f + t = 0. What is the units digit of f?
9
Let h(p) = -p**3 + 15*p**2 - 16*p + 25. Let k be h(14). Let d = -12 + 21. What is the units digit of d/6*(-20)/k?
0
Suppose -4*z + c + 4439 = 0, 15*c + 3333 = 3*z + 18*c. What is the tens digit of z?
1
Let i = 1350 + -160. What is the units digit of i?
0
What is the units digit of (-588)/(-5 - 7)*1?
9
Let t(i) = -3484*i**3 - 2*i**2 + 6*i + 7. What is the tens digit of t(-1)?
8
Suppose 0 = -3*s - 5*p + 13, 2*p = -2*s + 4*p - 2. What is the units digit of -9*(-1 + 1 + s + -10)?
1
Suppose -2*j + 5 = -5. Suppose j = -0*k + k. Suppose 0 = -5*l + 2*t - k*t + 116, -2*t = 4*l - 94. What is the tens digit of l?
2
Suppose 11*h - 882 = 812. What is the units digit of h?
4
Suppose -2*x - 5*f + 1164 = -0*f, 0 = 2*x + 4*f - 1166. What is the hundreds digit of x?
5
Suppose 5*f + 5043 = 5*q + f, -5*q = 5*f - 5070. What is the tens digit of q?
1
Let i(c) be the first derivative of -c**3/3 + 8*c**2 - 14*c - 1. Suppose -5*k + 4 = -61. What is the tens digit of i(k)?
2
Suppose 5*t - 2*l - 18566 = 0, -t + 4*l + 408 = -3316. What is the thousands digit of t?
3
Suppose 0 = -3*u - 13 + 4. What is the tens digit of (1 + -2)/(u/99)?
3
Let h(b) = b**3 - b**2 + b + 1. Let k(u) = -4*u**2 + 0*u - 5*u**3 + 6*u + 3*u**2 - 4*u - 14. Let w(z) = 6*h(z) + k(z). What is the tens digit of w(7)?
4
Let u be ((-16)/5)/(-2)*595/(-14). Let l = -52 - u. What is the units digit of l?
6
What is the units digit of 1169 + (-11 + 5)*1?
3
Suppose 0 = p + p - 4. Suppose 0 = p*o - 29 + 5. Let s = -3 + o. What is the units digit of s?
9
Suppose -3*q + w + 14 = 0, -3*q + 8*q = -2*w + 38. Suppose -q*s + 4*s = -90. What is the tens digit of s?
4
Suppose 2*w - 616 = 1050. What is the tens digit of w?
3
Let y(u) be the first derivative of 22*u**2 + 23*u - 26. What is the hundreds digit of y(3)?
1
Let w be 14/(-4)*(-24)/21. Suppose -5*i + 2*x = -201, -2*i + 5*x = -w - 89. What is the tens digit of i?
3
Let w = -23 + 30. Suppose w*c + 384 = 4*c. What is the units digit of (-2)/3 + c/(-3)?
2
Let f(h) = h**2 - 9*h + 8. Let r be f(9). Suppose r*n = 2*n + 144. What is the units digit of n?
4
Let v = 638 + -170. What is the tens digit of v?
6
Let w be -2 + 3/3*-1. Let u = -11 + 23. Let n = u - w. What is the units digit of n?
5
Let t(k) = k**2 - 7*k - 4. Let w be t(8). Suppose -5*g = -3*g + w. What is the units digit of g + (2 - 0 - -2)?
2
Let o(n) = 7*n**2 - 13*n + 5. What is the tens digit of o(-7)?
3
Let n(r) be the third derivative of r**2 + 11/60*r**5 + 1/6*r**3 + 0 + 0*r + 0*r**4. What is the tens digit of n(2)?
4
Suppose -4*m = -5*y + 5 + 20, -4*m - 20 = -4*y. Suppose t - 34 = -m*t. What is the units digit of t?
4
Let r(y) = 3*y**2 - y + 21. What is the units digit of r(-15)?
1
Suppose -6 = j - 0*j. Let d be j/(-1)*(-6)/(-12). Suppose 2*y + 16 = d*y. What is the units digit of y?
6
Suppose -5*c - 7*w + 35 = -3*w, 5*w - 7 = -c. Suppose 0 = g - 81 - c. What is the tens digit of g?
8
What is the units digit of ((-5157)/(-12))/3*32/6?
4
Let g(f) = -f**2 + 9*f - 9. Suppose 3*u + 3*w = 6, -10*u - 2*w = -15*u + 31. What is the tens digit of g(u)?
1
Suppose 5*g = -4*i + 10939, 11*i - 10*i + 2195 = g. What is the hundreds digit of g?
1
Let c = -13 - -9. Let z be (-2)/2 + (7 - 9). What is the units digit of z - c*28/8?
1
Suppose -1232 = 4*j - 8*j. Let o = j + -155. What is the units digit of o?
3
Suppose 0 = -42*t + 43*t - 144. Let m(f) = -f**2 - 4*f + 1. Let x be m(-3). What is the tens digit of ((-7)/(-4))/(x/t)?
6
Let g be 18/4 - 33/(-66). Suppose -m + 3*c + 60 - 1 = 0, m + g*c - 91 = 0. What is the units digit of m?
1
Suppose -3*a + 6*a - 852 = -l, -5*a = -5*l + 4340. What is the units digit of l?
4
Let p(m) = 232*m + 33. Let t(l) = -77*l - 11. Let c(k) = -6*p(k) - 17*t(k). What is the hundreds digit of c(-2)?
1
What is the thousands digit of 4209/3 + (-8)/2?
1
What is the tens digit of 9/(1 + -4) + 0 - -322?
1
What is the units digit of 4/10 - (-3 + (-22998)/30)?
0
Suppose -26572 = 23*k - 36*k. What is the hundreds digit of k?
0
Suppose 8526 = 2*k + 19*k. What is the units digit of k?
6
Let v(f) = -f. Let p be v(-3). Let w = p + 2. Suppose 5*h + 7*u = 3*u + 137, 3*h = w*u + 97. What is the tens digit of h?
2
Let b be 0/(0/4 - -1). Suppose -2*a - 5*p + 27 = b, -2*a = -2*p - 1 + 9. What is the units digit of a?
1
Suppose -66862 = -26*u - 14888. What is the hundreds digit of u?
9
Let i = -456 + 1225. What is the hundreds digit of i?
7
Let s(i) = -2*i - 25. Let p be s(-11). What is the tens digit of (-2)/p*(-1155)/(-14)?
5
Let i(s) = -s**2 - s - 1. Let w(q) = 9. Let r(n) = -6*i(n) - w(n). Let o(d) be the first derivative of r(d). What is the units digit of o(4)?
4
Let y be ((-244)/5)/((-8)/20). Suppose y*i = 127*i - 195. What is the tens digit of i?
3
Let m(h) = h**2 - 6*h + 6. What is the hundreds digit of m(16)?
1
Let l(g) be the first derivative of -7 + 0*g**2 + 2/3*g**3 - 9/4*g**4 - g. What is the units digit of l(-1)?
0
Let m = -9 - -5. Let r be 14 + (-2 - 8/m). What is the tens digit of 3/(-21) + 296/r?
2
Let g = -407 + 1960. What is the tens digit of g?
5
Let y(j) = -j**2 + 10*j + 15. Let l = 45 - 33. Let m be y(l). Let c = 38 - m. What is the tens digit of c?
4
What is the tens digit of (7 + 3 + -13)/((-2)/364)?
4
Let d = 249 - 144. Let g = -21 + d. What is the units digit of g?
4
Suppose -5*b + 3*b + 2715 = 3*i, -4*i + 6777 = 5*b. Suppose 23*k - b = 12*k. What is the units digit of k?
3
Let f(a) be the second derivative of -3*a + 1/2*a**4 - 1/6*a**3 - 7/2*a**2 + 0 + 1/20*a**5. What is the units digit of f(-5)?
3
Suppose 0 = -2*j - 29 + 239. Suppose -w + 4*y = -22, -3*w = -4*w - 2*y - 2. Suppose 11*t - j = w*t. What is the units digit of t?
1
Suppose 0 = 73*p - 58*p - 19725. What is the hundreds digit of p?
3
Let k = 5236 - 567. What is the tens digit of k?
6
Let j(a) = 13*a**2 + 3*a + 4. Let i be j(-3). Suppose -4*u = 5*n - n - 96, 5*u - 3*n - i = 0. What is the tens digit of u?
2
Let v = 3 - -1. Suppose 5*k - v*i - i = 280, 0 = 2*k + i - 121. What is the units digit of k?
9
Suppose 0 = 21*o - 5620 - 12335. What is the hundreds digit of o?
8
Suppose -l = r - 11, -2*r - l - 25 = -7*r. Let j be 426/27 + r/27. What is the tens digit of (-6 - -3 - j)*-1?
1
Suppose 2*j - 3*u - 2*u - 53 = 0, -4*u = 12. Suppose j = -l + 2*l. What is the tens digit of l?
1
Let x(q) = q**3 - 14*q**2 - 10*q - 23. What is the hundreds digit of x(17)?
6
Let j = 108 - 26. Suppose 3*k + j = 301. What is the tens digit of k?
7
Let m = 1404 + 3089. What is the tens digit of m?
9
Let f = 231 + -135. Let q = -4 + f. Suppose -2*g + q = 2*g. What is the tens digit of g?
2
Let m(a) be the first derivative of -a**3/3 + 12*a**2 - 25*a - 2. What is the units digit of m(17)?
4
Let v(c) = -13*c**3 + 3*c**2 - c + 26. What is the units digit of v(-5)?
1
Let r(x) = -15*x**3 - 4*x**2 - 3*x - 4. Let v be r(-3). Let z = v - 234. Suppose 2*d = 7*d - z. What is the tens digit of d?
2
Suppose 4*k = 5*r + 2, 3*k - 7 = -2*r + 2*k. Suppose 0 = -5*u - 3*l + 40, 0*u - u - r*l = -8. What is the units digit of u?
8
Let x be 9/18 - 59/(-2). Suppose 5*j = x + 35. What is the tens digit of j?
1
What is the thousands digit of 3/(-4) + 2252713/412?
5
Let s(y) = -2*y**3 + y. Let b be s(-1). Suppose 2*j - b = 5. What is the units digit of j?
3
Suppose -404 = -20*w + 19*w. What is the tens digit of w?
0
What is the hundreds digit of (-342)/(-190) + (-42072)/(-10)?
2
Let k(n) = n - 18. Let c be k(8). Let f(w) = w**3 + 9*w**2 - 12*w + 22. What is the units digit of f(c)?
2
Let c = -1399 - -1992. What is the units digit of c?
3
Let t(h) be the first derivative of -h**2 - h - 4. Let g be t(-2). Suppose 0*r - 5*r = g*c - 97, 8 = 2*c. What is the units digit of r?
7
Suppose 23*q = 4*q + 7809. What is the hundreds digit of q?
4
Let f(n) = n + 210. What is the hundreds digit of f(16)?
2
Let j = 12 - 6. Let x be (j/2)/((-6)/8). What is the units digit of 4/8 - 46/x?
2
Let n be (((-4)/(-6))/(-1))/(12/(-1206)). Suppose -r + n = -13. What is the units digit of r?
0
Suppose r = -2*c - c - 22, -r + 41 = -4*c. What is the units digit of ((-78)/(-4))/(c/(-18))?
9
Suppose 1 = -j + 4. Suppose -j*o = -2*c - 2*c + 104, -3*c + 3*o = -78. What is the t